he thousands digit of 259643?
9
What is the tens digit of 63297?
9
What is the hundreds digit of 2715990?
9
What is the tens digit of 86111?
1
What is the thousands digit of 694635?
4
What is the units digit of 1655522?
2
What is the units digit of 613829?
9
What is the hundreds digit of 32010?
0
What is the thousands digit of 512464?
2
What is the thousands digit of 1651850?
1
What is the tens digit of 677756?
5
What is the ten thousands digit of 100247?
0
What is the ten thousands digit of 425112?
2
What is the hundreds digit of 1097821?
8
What is the units digit of 31249?
9
What is the hundreds digit of 648921?
9
What is the ten thousands digit of 331171?
3
What is the hundred thousands digit of 213877?
2
What is the tens digit of 11016230?
3
What is the units digit of 457586?
6
What is the hundreds digit of 2965271?
2
What is the tens digit of 247903?
0
What is the units digit of 256464?
4
What is the ten thousands digit of 304942?
0
What is the hundreds digit of 493146?
1
What is the units digit of 260967?
7
What is the hundreds digit of 15444990?
9
What is the hundred thousands digit of 1437215?
4
What is the millions digit of 1096216?
1
What is the hundreds digit of 143384?
3
What is the ten thousands digit of 140608?
4
What is the thousands digit of 259929?
9
What is the tens digit of 758171?
7
What is the hundred thousands digit of 9294747?
2
What is the hundred thousands digit of 837408?
8
What is the tens digit of 256321?
2
What is the tens digit of 927259?
5
What is the thousands digit of 16570779?
0
What is the units digit of 763427?
7
What is the ten millions digit of 11173966?
1
What is the ten thousands digit of 701563?
0
What is the thousands digit of 243648?
3
What is the thousands digit of 1106151?
6
What is the hundred thousands digit of 283163?
2
What is the tens digit of 36039132?
3
What is the hundred thousands digit of 3162783?
1
What is the ten thousands digit of 31543423?
4
What is the ten thousands digit of 4332351?
3
What is the tens digit of 10217918?
1
What is the ten thousands digit of 2469268?
6
What is the thousands digit of 88473?
8
What is the ten thousands digit of 28290800?
9
What is the hundreds digit of 5375618?
6
What is the millions digit of 19036111?
9
What is the thousands digit of 741399?
1
What is the thousands digit of 664268?
4
What is the ten thousands digit of 1893964?
9
What is the tens digit of 7557984?
8
What is the thousands digit of 1754982?
4
What is the hundreds digit of 69865?
8
What is the units digit of 3170920?
0
What is the units digit of 523903?
3
What is the hundred thousands digit of 132174?
1
What is the thousands digit of 609286?
9
What is the tens digit of 1977854?
5
What is the ten thousands digit of 1038593?
3
What is the ten thousands digit of 83304?
8
What is the hundreds digit of 1097225?
2
What is the hundred thousands digit of 1035539?
0
What is the units digit of 137033?
3
What is the thousands digit of 392763?
2
What is the tens digit of 7146253?
5
What is the units digit of 97933?
3
What is the tens digit of 2610626?
2
What is the tens digit of 396180?
8
What is the hundred thousands digit of 8740006?
7
What is the ten millions digit of 27983922?
2
What is the millions digit of 1145924?
1
What is the hundred thousands digit of 645671?
6
What is the tens digit of 6296487?
8
What is the thousands digit of 3795513?
5
What is the hundreds digit of 9259975?
9
What is the hundreds digit of 40487837?
8
What is the ten thousands digit of 1401005?
0
What is the ten thousands digit of 220438?
2
What is the hundreds digit of 75372?
3
What is the hundreds digit of 206304?
3
What is the thousands digit of 877309?
7
What is the millions digit of 28489034?
8
What is the hundred thousands digit of 1043835?
0
What is the hundreds digit of 471861?
8
What is the thousands digit of 832338?
2
What is the hundred thousands digit of 3662072?
6
What is the hundreds digit of 122450?
4
What is the units digit of 3098210?
0
What is the ten thousands digit of 20271049?
7
What is the thousands digit of 7524056?
4
What is the hundreds digit of 186229?
2
What is the hundreds digit of 4367168?
1
What is the hundreds digit of 3215308?
3
What is the hundred thousands digit of 186137?
1
What is the hundred thousands digit of 329321?
3
What is the ten thousands digit of 621149?
2
What is the hundreds digit of 11227894?
8
What is the units digit of 106359?
9
What is the units digit of 2964278?
8
What is the units digit of 14505414?
4
What is the hundred thousands digit of 284326?
2
What is the units digit of 1401702?
2
What is the units digit of 28586451?
1
What is the ten thousands digit of 57167?
5
What is the tens digit of 2626463?
6
What is the tens digit of 10758142?
4
What is the tens digit of 1739122?
2
What is the units digit of 6414307?
7
What is the ten thousands digit of 101670?
0
What is the units digit of 10714?
4
What is the thousands digit of 302929?
2
What is the hundreds digit of 72830?
8
What is the units digit of 1760350?
0
What is the units digit of 153532?
2
What is the units digit of 6331716?
6
What is the hundred thousands digit of 700997?
7
What is the hundred thousands digit of 472893?
4
What is the ten thousands digit of 47783?
4
What is the ten thousands digit of 6487914?
8
What is the ten thousands digit of 1127131?
2
What is the ten thousands digit of 1372902?
7
What is the units digit of 6292507?
7
What is the units digit of 1029239?
9
What is the tens digit of 1584888?
8
What is the tens digit of 572124?
2
What is the ten thousands digit of 213538?
1
What is the thousands digit of 6536170?
6
What is the hundred thousands digit of 6272983?
2
What is the hundreds digit of 19655?
6
What is the units digit of 148694?
4
What is the ten thousands digit of 5628673?
2
What is the hundred thousands digit of 1163449?
1
What is the units digit of 4932033?
3
What is the tens digit of 561863?
6
What is the hundred thousands digit of 768193?
7
What is the ten thousands digit of 125703?
2
What is the millions digit of 2623423?
2
What is the ten thousands digit of 482428?
8
What is the tens digit of 28776584?
8
What is the tens digit of 3305033?
3
What is the units digit of 9352136?
6
What is the ten thousands digit of 218477?
1
What is the units digit of 113860?
0
What is the hundred thousands digit of 5130664?
1
What is the millions digit of 2605367?
2
What is the hundreds digit of 25740263?
2
What is the units digit of 139398?
8
What is the ten thousands digit of 78583?
7
What is the hundred thousands digit of 750657?
7
What is the units digit of 11322934?
4
What is the ten thousands digit of 1475438?
7
What is the millions digit of 28315337?
8
What is the hundred thousands digit of 241854?
2
What is the units digit of 158272?
2
What is the ten thousands digit of 449482?
4
What is the tens digit of 451210?
1
What is the thousands digit of 3882864?
2
What is the thousands digit of 224787?
4
What is the thousands digit of 1397113?
7
What is the ten thousands digit of 168023?
6
What is the thousands digit of 2520490?
0
What is the units digit of 185404?
4
What is the hundred thousands digit of 341986?
3
What is the hundreds digit of 155326?
3
What is the thousands digit of 3076697?
6
What is the millions digit of 5393909?
5
What is the hundred thousands digit of 10157741?
1
What is the thousands digit of 332518?
2
What is the hundreds digit of 292548?
5
What is the tens digit of 2506365?
6
What is the tens digit of 3343833?
3
What is the units digit of 179066?
6
What is the hundreds digit of 8863715?
7
What is the ten thousands digit of 458857?
5
What is the thousands digit of 16249317?
9
What is the units digit of 3864480?
0
What is the hundred thousands digit of 293145?
2
What is the units digit of 165827?
7
What is the hundreds digit of 342923?
9
What is the tens digit of 1344239?
3
What is the hundred thousands digit of 3725609?
7
What is the hundreds digit of 4194578?
5
What is the hundreds digit of 1873137?
1
What is the ten thousands digit of 16260294?
6
What is the ten thousands digit of 19335850?
3
What is the thousands digit of 278404?
8
What is the hundreds digit of 163303?
3
What is the tens digit of 338566?
6
What is the thousands digit of 80969?
0
What is the hundreds di